What are the prime factors of 1411365?
3, 5, 37, 2543
What are the prime factors of 1614221?
7, 19, 53, 229
List the prime factors of 520030.
2, 5, 7, 17, 19, 23
What are the prime factors of 8288208?
2, 3, 57557
List the prime factors of 959698.
2, 23, 31, 673
List the prime factors of 123024.
2, 3, 11, 233
What are the prime factors of 10777255?
5, 2155451
List the prime factors of 4762437.
3, 31, 41, 1249
List the prime factors of 821326.
2, 11, 37, 1009
What are the prime factors of 12554619?
3, 7, 11, 17, 23, 139
List the prime factors of 9217079.
9217079
What are the prime factors of 4654193?
37, 125789
What are the prime factors of 170896?
2, 11, 971
What are the prime factors of 11323610?
2, 5, 163, 6947
List the prime factors of 345609.
3, 11, 3491
What are the prime factors of 112795?
5, 17, 1327
What are the prime factors of 291500?
2, 5, 11, 53
List the prime factors of 2639070.
2, 3, 5, 7, 59, 71
What are the prime factors of 7126104?
2, 3, 296921
List the prime factors of 98056.
2, 7, 17, 103
List the prime factors of 2257387.
11, 163, 1259
List the prime factors of 15146219.
11, 1376929
List the prime factors of 16556761.
13, 313
List the prime factors of 26098594.
2, 13049297
What are the prime factors of 2731965?
3, 5, 182131
List the prime factors of 51479.
51479
List the prime factors of 153304.
2, 19163
What are the prime factors of 8835515?
5, 13, 181, 751
What are the prime factors of 797259?
3, 19, 71, 197
List the prime factors of 618658.
2, 181, 1709
List the prime factors of 1387475.
5, 19, 23, 127
List the prime factors of 153897.
3, 43, 1193
List the prime factors of 3119261.
683, 4567
List the prime factors of 1244.
2, 311
List the prime factors of 1787824.
2, 19, 5881
List the prime factors of 192019.
53, 3623
What are the prime factors of 1507639?
7, 37, 5821
What are the prime factors of 21297?
3, 31, 229
List the prime factors of 141604.
2, 35401
List the prime factors of 105990.
2, 3, 5, 3533
List the prime factors of 30069637.
13, 1231, 1879
What are the prime factors of 7868611?
311, 25301
What are the prime factors of 127154?
2, 63577
What are the prime factors of 2055294?
2, 3, 4229
List the prime factors of 3243.
3, 23, 47
What are the prime factors of 1146562?
2, 83, 6907
What are the prime factors of 1411411?
1411411
What are the prime factors of 3048817?
307, 9931
What are the prime factors of 5955061?
7, 101, 8423
List the prime factors of 8314234.
2, 601, 6917
What are the prime factors of 4608100?
2, 5, 7, 29, 227
List the prime factors of 1139658.
2, 3, 13, 19, 769
What are the prime factors of 326039?
7, 47, 991
What are the prime factors of 2293162?
2, 1146581
List the prime factors of 1430394.
2, 3, 7, 34057
List the prime factors of 171884.
2, 97, 443
List the prime factors of 760689.
3, 84521
List the prime factors of 357945.
3, 5, 7, 487
What are the prime factors of 75765?
3, 5, 5051
What are the prime factors of 22449206?
2, 13, 71, 12161
List the prime factors of 416167.
416167
What are the prime factors of 3475113?
3, 941, 1231
What are the prime factors of 29949?
3, 67, 149
List the prime factors of 1319962.
2, 7, 13469
What are the prime factors of 10386121?
1867, 5563
List the prime factors of 123807.
3, 41269
What are the prime factors of 66416?
2, 7, 593
List the prime factors of 10540240.
2, 5, 359, 367
What are the prime factors of 1695170?
2, 5, 283, 599
What are the prime factors of 258654?
2, 3, 11, 3919
What are the prime factors of 8837567?
8837567
List the prime factors of 212721.
3, 17, 43, 97
List the prime factors of 774759.
3, 258253
List the prime factors of 1407196.
2, 7, 29, 1733
What are the prime factors of 441456?
2, 3, 17, 541
What are the prime factors of 718787?
503, 1429
What are the prime factors of 189925?
5, 71, 107
List the prime factors of 4739915.
5, 67, 14149
What are the prime factors of 3742860?
2, 3, 5, 11, 53, 107
What are the prime factors of 2034081?
3, 7, 83, 389
List the prime factors of 262677.
3, 87559
List the prime factors of 1201550.
2, 5, 7, 3433
What are the prime factors of 202142?
2, 53, 1907
What are the prime factors of 1925386?
2, 17, 56629
What are the prime factors of 112697?
13, 8669
List the prime factors of 4549007.
809, 5623
What are the prime factors of 9384054?
2, 3, 131, 11939
List the prime factors of 3823060.
2, 5, 23, 8311
What are the prime factors of 4593447?
3, 510383
List the prime factors of 3614758.
2, 7, 258197
What are the prime factors of 2649468?
2, 3, 220789
List the prime factors of 142635.
3, 5, 37, 257
What are the prime factors of 6661575?
3, 5, 71, 139
What are the prime factors of 50688?
2, 3, 11
List the prime factors of 1066.
2, 13, 41
List the prime factors of 9173006.
2, 79, 58057
What are the prime factors of 1553691?
3, 571, 907
What are the prime factors of 21944746?
2, 10972373
What are the prime factors of 31245556?
2, 127, 61507
What are the prime factors of 965840?
2, 5, 12073
List the prime factors of 4188983.
211, 19853
List the prime factors of 12405538.
2, 6202769
What are the prime factors of 915600?
2, 3, 5, 7, 109
What are the prime factors of 6728543?
6728543
List the prime factors of 98772.
2, 3, 8231
What are the prime factors of 697553?
697553
What are the prime factors of 10597238?
2, 29, 182711
What are the prime factors of 1486435?
5, 271, 1097
List the prime factors of 2391386.
2, 1195693
List the prime factors of 217787.
17, 23, 557
List the prime factors of 5339981.
71, 75211
What are the prime factors of 223612?
2, 55903
What are the prime factors of 61261?
61261
What are the prime factors of 548491?
269, 2039
What are the prime factors of 2593576?
2, 19, 113, 151
List the prime factors of 21471001.
127, 169063
List the prime factors of 275979.
3, 11, 8363
List the prime factors of 6566194.
2, 3283097
What are the prime factors of 781428?
2, 3, 65119
What are the prime factors of 218501?
17, 12853
List the prime factors of 26625.
3, 5, 71
List the prime factors of 606015.
3, 5, 67
List the prime factors of 55200.
2, 3, 5, 23
What are the prime factors of 664891?
664891
List the prime factors of 1603127.
157, 10211
List the prime factors of 284996.
2, 71249
List the prime factors of 199226.
2, 23, 61, 71
List the prime factors of 92403.
3, 10267
List the prime factors of 86700.
2, 3, 5, 17
What are the prime factors of 3335077?
17, 196181
List the prime factors of 3069917.
3069917
What are the prime factors of 441645?
3, 5, 29443
What are the prime factors of 3286928?
2, 205433
What are the prime factors of 887391?
3, 43, 2293
What are the prime factors of 740904?
2, 3, 30871
List the prime factors of 150716.
2, 41, 919
List the prime factors of 39593.
17, 137
List the prime factors of 3676301.
17, 29, 7457
List the prime factors of 1305342.
2, 3, 23, 1051
List the prime factors of 779300.
2, 5, 7793
What are the prime factors of 18886915?
5, 17, 222199
What are the prime factors of 2374151?
13, 182627
List the prime factors of 788441.
509, 1549
What are the prime factors of 14633068?
2, 67, 54601
List the prime factors of 851477.
11, 31, 227
What are the prime factors of 417286?
2, 37, 5639
What are the prime factors of 2565085?
5, 513017
List the prime factors of 32928931.
7, 672019
List the prime factors of 7786368.
2, 3, 751
What are the prime factors of 2636793?
3, 3617
List the prime factors of 839577.
3, 67, 4177
List the prime factors of 22965819.
3, 7655273
List the prime factors of 100402.
2, 17, 2953
What are the prime factors of 15330?
2, 3, 5, 7, 73
What are the prime factors of 22799?
7, 3257
List the prime factors of 32041082.
2, 2089, 7669
List the prime factors of 574417.
311, 1847
What are the prime factors of 116349?
3, 38783
What are the prime factors of 739270?
2, 5, 7, 59, 179
What are the prime factors of 15799122?
2, 3, 61, 14389
What are the prime factors of 350731?
350731
What are the prime factors of 30172126?
2, 197, 76579
List the prime factors of 2384346.
2, 3, 401, 991
What are the prime factors of 6364?
2, 37, 43
List the prime factors of 10972196.
2, 19, 23, 6277
What are the prime factors of 14642850?
2, 3, 5, 31, 47, 67
List the prime factors of 226832.
2, 14177
List the prime factors of 259936.
2, 8123
List the prime factors of 93125.
5, 1